2*g = -13 - q. List the prime factors of g.
3
Let a(n) = n**2 - n - 17. Let x be a(0). Let w = -12 - x. What are the prime factors of 24/15 + 2/w?
2
Let j(t) = -t**2 + 22*t - 28. List the prime factors of j(19).
29
Let s(f) = -4*f + 2*f + f - 2. Let o be s(-2). Suppose -m + 0*m + 4 = o. List the prime factors of m.
2
What are the prime factors of 3/12 - (-393)/12?
3, 11
Let k(z) = -z**2 - 9*z - 3. Let o(r) = r**2 - 8*r - 1. Let w be o(7). What are the prime factors of k(w)?
5
Suppose f - 2*m = -6*m + 12, -2*f = -m - 6. Suppose -70 = -j - f*j. List the prime factors of j.
2, 7
Suppose 5*z - 93 = 557. What are the prime factors of z?
2, 5, 13
Let o(x) = x - 3. Let j be o(7). Suppose v = z - j*v - 4, 0 = -4*z - 3*v + 16. List the prime factors of z.
2
Suppose 0 = 6*s - 10*s + 220. Let j = s - 38. List the prime factors of j.
17
Let u(z) = -18*z. Let t be u(-1). Suppose 4*l = 5*v + t + 51, 5*v = -5. List the prime factors of l.
2
Suppose 0 = -g - x + 9, 21 = 3*g + x - 12. Suppose t = -5*w + 3*w + g, 3*t - 20 = -2*w. What are the prime factors of w?
2
Suppose 0 = x + 3*x - 16. Suppose d = -k, 5*k - x*d + 2*d = 28. Suppose -4 = -k*n, 2*l = -l - 5*n + 14. What are the prime factors of l?
3
Suppose -4*k - 22 = -230. Suppose -3*j + 146 = 4*x, -j = -x - 6 - k. What are the prime factors of j?
2, 3
Let m be (12/(-8))/((-9)/(-24)). Let u be -2 + -1 + 5 + -3. List the prime factors of m/(-1*(u - -2)).
2
Let m(c) be the first derivative of -c**4/4 + 4*c**3/3 + c**2/2 + 2*c - 2. Let t be 10/3 + 20/30. List the prime factors of m(t).
2, 3
Let r(i) = i**3 + 6*i**2 + 2*i - 4. Let t be (4 + 0)/(1 + -2). What are the prime factors of r(t)?
2, 5
Let o be (-1)/(-2) + (-10)/4. List the prime factors of 12 + (3*o)/2.
3
Suppose 7 = -5*k + 2. Let q be 24/(((-6)/9)/k). Suppose -3*d = -0*d - q. What are the prime factors of d?
2, 3
Suppose -2*s - 2*s = -3*y - 22, 0 = -4*s + 4*y + 24. What are the prime factors of 43/s + (-2)/(-8)?
11
Let n be (1 - -1)*(-3)/(-2). Let v be (-16 - -4)*n/4. List the prime factors of ((-9)/(-3))/(-3) - v.
2
Suppose 5*d + 4*s - 420 = 0, 305 = -0*d + 4*d - 3*s. What are the prime factors of d?
2, 5
Let z = 251 - 89. What are the prime factors of z?
2, 3
Let o(t) be the first derivative of -t**3/3 + 7*t**2/2 + 2*t + 2. Let q be 124/24 - (-2)/(-12). What are the prime factors of o(q)?
2, 3
Let a be (-3)/(3/(-80)) + 1. Suppose a = 6*o - 3*o. What are the prime factors of o?
3
Suppose u + 98 = 3*u. What are the prime factors of u?
7
Let y(z) be the second derivative of -7*z**3/6 - 7*z**2/2 - 6*z. What are the prime factors of y(-3)?
2, 7
Let v = -4 + 7. Suppose -4*i + 24 = -0*h + 3*h, -30 = -5*i + v*h. Let y(p) = p**3 - 6*p**2 + 2*p - 8. What are the prime factors of y(i)?
2
Let r(j) = -29*j + 1. List the prime factors of r(-1).
2, 3, 5
Let s be (-15)/35 - (-1518)/14. Suppose 0*h + h = -7. What are the prime factors of (-2)/h - s/(-14)?
2
Let w be -3 - (12/(-2) - 1). Suppose 7*g - 48 = w*g. What are the prime factors of g?
2
Suppose -5*v = g - 14, -g + 0*g + 14 = v. Suppose 5*m + 6 = -4. Let n = g + m. List the prime factors of n.
2, 3
Let z(t) = 4*t**3 + 2*t**2. List the prime factors of z(2).
2, 5
Suppose -2*f - 630 = -9*f. List the prime factors of f.
2, 3, 5
Let y be (-3)/((-3)/(-12)*-3). Let i be (y/(-4))/(2/(-6)). Suppose i*h = 2*h + 6. List the prime factors of h.
2, 3
Let g = -6 + 8. Suppose g*v - 103 = 43. Suppose v = 3*l + 5*i, -5*l - i = i - 90. What are the prime factors of l?
2
Let j = 7 + -5. Suppose -3*d = j*d - 25. Suppose d*z - 65 = -0*z. List the prime factors of z.
13
Let i = -1 - -6. Suppose 2*l - i*l = 3. What are the prime factors of 92/10 + l/5?
3
Let b be 70/50 - (-2)/(-5). Let l = 3 + 4. Let k = l - b. List the prime factors of k.
2, 3
Suppose 5*k = -9*q + 10*q + 1386, -4*k - 2*q = -1120. List the prime factors of k.
2, 139
Let j = 147 - 3. List the prime factors of j.
2, 3
List the prime factors of (-244)/(-24) + (-4)/24.
2, 5
Let o = 30 - 7. Let f = -7 + o. What are the prime factors of f?
2
Suppose 4*g - g + 3*z - 15 = 0, -2*z - 26 = -4*g. List the prime factors of g.
2, 3
Let w be 2/10 - (-3)/(-15). Suppose w = -5*m + 17 + 43. What are the prime factors of m?
2, 3
Suppose v + 3 = 3*z - 3, -4*v + 2*z = -6. Let m be (4/v)/((-4)/(-6)). Suppose 3*j - 21 = 3*w, j - m*j - w + 11 = 0. What are the prime factors of j?
3
Let c(o) = -o - 5. Let g be -7 + 0 + 0/(-8). Let q be c(g). Suppose -q*b + 7 = -3. List the prime factors of b.
5
Suppose 2*a = k - 4, 3*k + a = -0*a + 19. Suppose k*t - 78 = 4*t. What are the prime factors of t?
3, 13
Suppose 0 = -5*k + 9 - 4. Let p be 2/1 - (k + 1). Suppose -y - 1 + 6 = p. List the prime factors of y.
5
Let l = 139 - 97. What are the prime factors of l?
2, 3, 7
Let y be (-2 - 0)*(-22)/4. Let l = 7 - 14. Let d = l + y. What are the prime factors of d?
2
Suppose -2*n + n + 12 = 0. Let y = -7 + 10. Suppose r + 5*z - 4 = 0, -5*r = y*z - n - 30. What are the prime factors of r?
3
Let u be (-4 + 5)/(2/4). Suppose 0*i - u = -i. Suppose i*c + 5*y = 36, 2*c - 36 = -2*c - y. List the prime factors of c.
2
Let w be (-1)/1 + (-1 - -1). Let q be 4*(0 - 1)*w. Suppose 2*g + 5*r = 9, -q*r - 6 = -3*g + 42. What are the prime factors of g?
2, 3
Let s(x) = x**2 - x + 5. What are the prime factors of s(6)?
5, 7
Let z be ((-4)/2)/((-1)/(-3)). Let x be 3 + -2*75/z. Suppose 0 = 4*c - 4 - x. List the prime factors of c.
2
Let u be 4/14 + (-30)/7. Let a(c) be the third derivative of c**6/120 + c**5/12 + 2*c**3/3 + 6*c**2. What are the prime factors of a(u)?
2, 5
Let h(d) = -d**3 - 2*d**2 + 7*d - 2. List the prime factors of h(-6).
2, 5
Suppose 5*x + 175 = 545. List the prime factors of x.
2, 37
Let g(n) = -n - 3. Let b(i) = i - 4. Let o be b(4). Let h be g(o). List the prime factors of (-24)/18*h/2.
2
Let i = -32 + 42. What are the prime factors of i?
2, 5
Suppose 6*u + 82 = 370. Suppose -2*c = c - u. What are the prime factors of c?
2
Let o = 859 + -576. What are the prime factors of o?
283
Let g be (-5)/20 + (-11)/4. List the prime factors of 1/g*(-3 + -30).
11
Suppose -4*s + 140 = -0*s. List the prime factors of s.
5, 7
Let x(a) = -a**2 - 5. Let u be x(0). Let n = -3 - u. What are the prime factors of n - 1/(2/(-4))?
2
Let a(c) = -c**2 + 1 - 3*c**2 + 20 + 5*c**2 + c. What are the prime factors of a(0)?
3, 7
Let o(n) = -n. Suppose 4*x = -r + 2, 18 = -5*r - x - 10. What are the prime factors of o(r)?
2, 3
List the prime factors of (34/(-3))/(1/(-3)).
2, 17
Let a(s) = s**3 - 11*s**2 - 13*s + 14. Let k be a(12). Suppose -96 = -3*z - 2*p, 2*z + 6*p - k*p = 64. What are the prime factors of z?
2
Suppose -z + 3 + 3 = -2*h, 3*z - 3*h = 12. Suppose 5*u - 73 = -4*k, k + 4*u - z*u = 19. List the prime factors of k.
17
Suppose -2*v = 2*i - 80, -2*v - 122 = -3*i - 4*v. What are the prime factors of i?
2, 3, 7
Let h be (-2)/12 + 1/6. Let p(b) = -b + 14. List the prime factors of p(h).
2, 7
Suppose 0 = 3*l + 1 + 17. Let z = l + 1. What are the prime factors of (-2)/(-10) - 14/z?
3
Suppose -4*b = -0*b + 36. Let n be 3/3 - 3*8. Let z = b - n. List the prime factors of z.
2, 7
Suppose -37 - 67 = -4*p. Suppose n = -5*i + 52 + p, 0 = 2*i - 4*n - 18. What are the prime factors of i?
3, 5
Let m = -20 - -240. What are the prime factors of m?
2, 5, 11
Suppose 0*y + y = 40. What are the prime factors of ((-8)/20)/((-2)/y)?
2
Let b(c) = -7*c - 12. List the prime factors of b(-8).
2, 11
Let o(s) = 12*s + 19. What are the prime factors of o(9)?
127
Suppose -3*k + 4*k - 3*a - 40 = 0, 5*a = -2*k + 135. Suppose 0 = -5*g + 5*b + k, -4*g - b + 49 = -4*b. What are the prime factors of g?
2
Let f(n) = -n + 4. List the prime factors of f(-10).
2, 7
Let d(t) = t - 9. Suppose 0 = -m + 4*m - 30. Let p be d(m). What are the prime factors of 1/p - 6/(-3)?
3
Suppose -65*k = -68*k + 60. List the prime factors of k.
2, 5
Suppose -5*w + 4 = -6. Suppose 0 = z + w*z + 27. Let i = z + 16. What are the prime factors of i?
7
Suppose -48 = -t + 5*t. Suppose -3*s = -0*s - 2*o + 1, -2*s - 3*o - 5 = 0. What are the prime factors of (2 + s)/((-2)/t)?
2, 3
Let f(d) = 155*d**2 - 6*d + 5. List the prime factors of f(1).
2, 7, 11
Let r(s) = s**3 - s**2. Let a be r(2). Suppose -12 = -a*q + 72. What are the prime factors of q?
3, 7
Let y(b) = b**3 + 3*b**2 - 29*b - 13. 